**4/24 - 2*b**3/3 + 2*b**2 - 45*b. Give r(a).
-4
Let d(l) be the third derivative of l**5/30 - 43*l**4/24 + 5*l**3 - 1339*l**2 + l. Give d(21).
9
Let h be (3/(-5))/(32/160). Let o(g) be the first derivative of -g**2/2 - 4*g + 75. What is o(h)?
-1
Let k(i) = 2*i + 16. Let r(s) = 2*s**2 + 10*s - 12. Let n be r(-6). Suppose -10*f + 23*f + 91 = n. Calculate k(f).
2
Let v(a) = -2*a**2 - 50*a + 1. Suppose -15*m = -5*m + 250. Let j be v(m). Let d be (4 + j - 0) + -80 + 79. Let f(y) = y - 2. Calculate f(d).
2
Let u(p) = 12*p - 13. Let f be ((-1108)/(-84) - 2/6) + (-1398)/1631. Give u(f).
131
Let c(q) be the first derivative of -2*q**2 - 21*q + 81. Give c(-7).
7
Let g(b) = -2*b - 5. Let s(k) = -5*k - 5. Let p be s(-2). Suppose -p*y - 19 = -2*a - 0, -3*a - 34 = 5*y. Calculate g(y).
5
Let c be (-41)/123*((-4)/14 - (-2)/7). Let f(g) = -2*g**3 + g**2 + 3*g. Calculate f(c).
0
Let g(r) be the second derivative of -1/20*r**5 + 4*r - 2/3*r**4 - 3/2*r**3 - 15/2*r**2 + 10. Determine g(-7).
-1
Let v(y) be the first derivative of -7*y**2/2 + 10*y + 1830. Calculate v(-3).
31
Let x be ((-8)/(-5) + 0)/((-56)/140). Let r(c) = 4 - 28 + c + 9 + 11 + 5. Calculate r(x).
-3
Let j(w) = -143*w**2 + 64*w - 3 - 125*w**2 - 67*w + 2 + 286*w**2. Determine j(-1).
20
Let f(l) be the third derivative of l**6/120 - 4*l**5/15 - 7*l**4/3 - 8*l**3/3 + 1591*l**2. Calculate f(19).
3
Let x(j) be the third derivative of j**5/20 - j**4/24 + 29*j**2. Suppose -12*b + 11*b - 25 = 0. Let s = b + 24. Give x(s).
4
Let d(b) = -b + 1. Let a(j) = j**2 + 13*j - 10. Let n(m) = -a(m) - d(m). Let y = 626621 + -626633. Calculate n(y).
9
Let b(c) = -c**3 + 2*c**2 - 3*c + 29. Let i = -38859 + 38859. Give b(i).
29
Let z(g) = -188*g**2 + 41*g + 26. Let c(a) = -300*a**2 + 61*a + 39. Let p(y) = 5*c(y) - 8*z(y). Determine p(6).
-7
Let p(f) be the third derivative of f**6/360 - f**4/24 + 34*f**3 + 7*f**2 - 18. Let l(y) be the first derivative of p(y). Give l(-4).
15
Let d(k) = 3*k + 3. Let i be d(-4). Let a(n) be the second derivative of -1/6*n**3 - 11/2*n**2 - 14 - n. Determine a(i).
-2
Let u(k) = -4*k + 37. Let f be u(8). Let t be -3*(f + -10 - (-40)/12). Let g(x) = x - 10. What is g(t)?
-5
Let r(l) = 33*l - 181. Let b(w) = -70*w + 388. Let o(m) = -6*b(m) - 11*r(m). What is o(6)?
5
Let d(r) be the second derivative of -1/20*r**5 + 0*r**2 + 114*r + 5/12*r**4 - 2/3*r**3 + 0. Determine d(5).
-20
Suppose -161*n + 168*n = -28. Let h(u) = -u**2 - u - 1. Determine h(n).
-13
Let l(f) be the second derivative of -f**3/2 - f**2 + 725*f. Determine l(3).
-11
Let f(d) be the second derivative of d**4/6 + 17*d**3/6 + 13*d**2 - 9285*d. What is f(-10)?
56
Let l(q) = -q**3 - 13*q**2 - 11*q + 13. Suppose -4 + 9 = 5*o. Let y be -13 - o*(-1 + (1 - 1)). Calculate l(y).
1
Let s(r) = 29*r - 117*r - r**2 + 0 + 61*r - 1 + 29*r. Let z = -2 - -3. Give s(z).
0
Let r = -24723 - -24734. Let b(q) = -q**2 + 9*q - 5. Give b(r).
-27
Let b(l) = -2 - 605*l + 883*l - 273*l - 7*l**2 + l**3. Let a be (-2 - 4) + 1/1. Let f = a - -11. What is b(f)?
-8
Let l be -4 + (-1 + 8)*1. Let d(s) be the third derivative of s**5/60 + s**4/24 - s**3/2 - 12*s**2. Determine d(l).
9
Suppose -2235 + 89 = -272*f + 574. Let h(i) = i**2 - 6*i - 20. Determine h(f).
20
Let q(x) be the first derivative of x**4/4 + 23*x**3/3 - 21*x**2/2 + 77*x + 464. What is q(-24)?
5
Let v be (-1)/5 + -4 + 186/30. Suppose 3*l - 8 = v*x, -l = 4*x - 0*x + 2. Let k be (l/3*-4)/(4/(-6)). Let p(y) = -y**3 + 3*y**2 + 4*y + 5. Determine p(k).
5
Let c(f) = 5 + 10*f + 10*f - 2 - 74*f + 2*f**2 + 13*f + 38*f. Let r be (-6)/21 - 66/14. Let o = r + 7. Calculate c(o).
5
Let b(p) = p**3 - 9*p**2 + p - 113. Let y be b(10). Let l(s) = 7*s**3 - 2*s**2 + s + 4. Let k(z) = 6*z**3 - z**2 + z + 4. Let x(w) = 6*k(w) - 5*l(w). Give x(y).
10
Let d(x) = -x**3 + 2*x**2 - x. Let v be (-8)/(88/(-77))*(-2)/(-14). What is d(v)?
0
Let p(k) = k**2 + 7*k - 10. Suppose -19*d + 40 = -24*d. Let i be (d/(-12))/(4/18)*-3. What is p(i)?
8
Let g(a) = 94*a + 80. Let f(y) = 462*y + 399. Let o(c) = 6*f(c) - 29*g(c). Determine o(-2).
-18
Let n(u) = 34*u + 47. Let a(q) = -16*q. Let m(o) = -2*a(o) - n(o). What is m(-27)?
7
Suppose 3*g - 92 = 7. Let f(i) = g - 26 + i + 8. Determine f(-9).
6
Let s(v) = -9*v**2 + 61*v - 41. Let k be s(6). Let f(o) = -6*o**3 - 2*o**2 - 2*o + 2. Give f(k).
-8
Let y(w) be the first derivative of 137 + 16*w + 1/3*w**3 + 6*w**2. Determine y(-11).
5
Let h = 151 - 151. Let b(q) = h*q - 15 + 26 - 8 + q**2 + q. Determine b(-6).
33
Suppose -4*v + 42 = -5*h - 3, 35 = 4*v - 3*h. Let t(q) = -q**3 - v*q + 0*q**3 + 832 - 6*q**2 - 835. Determine t(-4).
-15
Let u(j) = j + 6. Suppose 85*z - 159*z = 2072. Determine u(z).
-22
Suppose j + 4*j = -2*y + 19, 5*y = 2*j + 4. Let t(b) = 2*b**2 - 4*b + 5. Let f(r) = -5*r**2 + 7*r - 10. Let k(n) = j*f(n) + 7*t(n). Give k(-9).
-13
Let h(z) = -z**3 + 17*z**2 - z + 27. Let n(u) = -89*u - 339. Let k be n(-4). Determine h(k).
10
Let l(k) = 11*k**2 + 19*k - 42. Let d(c) = -5*c**2 - 10*c + 21. Let j(f) = 9*d(f) + 4*l(f). Suppose -22*t = 3*i - 24*t + 38, i + 3*t + 31 = 0. Give j(i).
-11
Suppose 13*c - 14 = 15*c. Let b(w) = 9*w**2 + 15*w + 12*w**3 + 2*w**2 - 11*w**3 - 2 - 2*w**2 + 12. What is b(c)?
3
Let k(c) be the first derivative of 101*c**2/2 - c - 1510. Determine k(1).
100
Let m(r) be the third derivative of -5*r**4/24 + 59*r**3/3 - r**2 + 16. What is m(23)?
3
Suppose -2*u = -9 + 3. Let k(v) = -v**2 + 3*v + u*v - v**3 + 9 - 5*v. Suppose -3*d = 4*j - 6*d - 6, 5*j = 5*d + 10. Determine k(j).
9
Let a(g) = -2 + 28 - 3 + 2*g**2 - 9 - 3 - 10 - 2*g. Suppose 5*o = 4*o + 4*i + 9, o + 5 = -3*i. Calculate a(o).
1
Let r(j) = -j**2 + 14*j - 3. Let o = -463 - -477. Let t be r(o). Let q(u) = -u**2 - 4*u. Calculate q(t).
3
Let b(j) = -29*j - 35. Let v be 1 + (-2 + -11 + 4 - -7). Determine b(v).
-6
Let b(i) = i**3 - 14*i**2 - 15*i - 11. Let q be 69/(-2)*40/(-60). Let a be (-7 - (-4 - q)) + -5. Determine b(a).
-11
Let o(v) be the first derivative of v**7/840 - 7*v**4/24 + 26*v**3/3 + 59. Let u(x) be the third derivative of o(x). Calculate u(0).
-7
Let w(o) = -o**3 - 10*o**2 - 19*o. Suppose 0*f - 3*f - 12 = -3. Give w(f).
-6
Suppose -2*d + 0 = -3*a + 3, d - 4*a = 1. Let f(b) be the first derivative of -271 - 3/2*b**2 + 2/3*b**3 + 1/4*b**4 + 3*b. What is f(d)?
3
Let p(r) = -6*r + 39. Let i(x) = 3*x**2 + 70*x - 42. Let a be i(-24). What is p(a)?
3
Let g(m) = -3*m**2 + 7*m + 37. Suppose -88*t = -76*t - 60. Let i be g(t). Let r(v) = 16*v - 1. What is r(i)?
-49
Let f(p) = 172 - 649 + 173 + 135 - 7*p + 167. Give f(-3).
19
Suppose 0*m + 4*m - 4 = 0. Suppose 8 = 7*r + m. Suppose -5*s + 3*c = -20, c = s - 1 - r. Let z(o) = o**2 - 5*o - 10. Calculate z(s).
4
Suppose -27*a + 289 = -168*a - 275. Let y(f) be the third derivative of -f**5/60 + f**4/12 + 5*f**3/6 - 2*f**2. Calculate y(a).
-19
Let o(z) = -z**3 - 6*z - 7*z**2 + 0*z + 9 - 1. Suppose 3*l + 33 = 361*d - 356*d, 0 = 3*l - 4*d + 30. Calculate o(l).
8
Let p(r) be the third derivative of -r**5/60 - r**4/6 - 13*r**3/6 + 2637*r**2 - r. Determine p(-5).
-18
Let l be ((-20)/(-6))/(6/18). Let f be 2/(-5)*l/(-4). Suppose 6 = -5*s + f. Let k(a) = -4*a**3 - a**2 + a + 1. Give k(s).
3
Let i(u) = -u**2 + 0*u**2 - 26 + 3*u**2 - 6*u**3 + 25. Let m be i(-1). Let g(s) = s - 2. Determine g(m).
5
Suppose 0*t - 5*t - w - 30 = 0, -t + 6*w = 37. Let k(c) = 21*c**2 - c**3 - 11*c**2 - 18*c**2 - 7 + 0*c**3 - 7*c. What is k(t)?
-7
Let f(i) be the third derivative of -4*i**3 - 1/8*i**4 - 1/30*i**5 + 0 + 0*i - 2*i**2. Let p(z) be the first derivative of f(z). Calculate p(-3).
9
Let o be -1 + 4 - (1 + 1 + -1). Suppose -4 - o = -2*l. Let g(n) = -2*n - 12. Let i(v) = -v - 4. Let b(y) = l*g(y) - 8*i(y). Calculate b(-6).
-16
Let a(i) be the first derivative of 3*i**4/4 - i**3/3 + i**2/2 - 2*i - 291031. Let g be -3 + (2 - 1 - 0). Give a(g).
-32
Let z(j) = 23*j - 329. Let f be (16 - -59)/3 - 11. Calculate z(f).
-7
Suppose -7*f - 3*f = -860. Let d(u) = -u**2 - 2 + f*u + 89*u - 178*u + 2*u**2. Determine d(5).
8
Let p be -1 + (5 - 3 - -8). Let l(m) = 1 - p*m**2 - 1012*m - 11 + 1012*m - 1 + m**3. Determine l(9).
-11
Suppose 0 = 3*p - 2*b - 14, -5*p = -5*b + 3*b - 30. Let q(y) = -9*y**2 + 2*y**3 - 3*y**3 + 5*y + 2*y**3 + 3. What is q(p)?
-21
Suppose -37 = -2*b + 5*f, 3*f + 72 = 2*b + 45. Let p(t)